pose 4*t - 5*c - s = 0, 9 = 2*t - 5*c - 1. Let x(a) = -9*a + 160. What is the hundreds digit of x(t)?
1
Let f be 3*(-2395)/(-15) - 0/2. Let w = -262 + f. What is the tens digit of w?
1
Let m = -46 - 172. Let v = m - -128. Let o = 146 + v. What is the tens digit of o?
5
Let u be (1 + (-1)/2)/((-2)/(-12)). Suppose -z + z = u*z. Let i(t) = -t**3 - t**2 + 52. What is the units digit of i(z)?
2
Let q = 26 + -32. Let g(t) = 6*t + 40. Let s be g(q). Suppose -s*b + 265 = b. What is the units digit of b?
3
Let d = -215 + 179. What is the hundreds digit of 56/(-6)*d - (2 + -5)?
3
Suppose -4243 - 1202 = -9*x. What is the hundreds digit of ((-7)/(-35)*2)/(1/x)?
2
Suppose 16732 = 4*x + 2*g, 9*x - 5*x - 16708 = 4*g. What is the units digit of x?
1
Let r(u) = 10*u + 83. Let x be r(-9). Let i(s) = 27*s**2 - 22*s - 5. What is the tens digit of i(x)?
7
Suppose 809708 = 44*p + 200528. What is the units digit of p?
5
Let g = 5592 + -1225. What is the units digit of g?
7
Suppose 0 = -a + 51 - 26. Suppose -444 = -3*o - 3*l, a - 149 = -o + 5*l. What is the tens digit of o?
4
Let w be (5*2/(-4))/(1/2). Let h be 1192/5 - (-2)/w. Suppose h + 54 = 4*v. What is the tens digit of v?
7
Let t = 645 + -122. Suppose -1833 = 520*z - t*z. What is the hundreds digit of z?
6
Suppose -2*y - y + 3*v = 12, -5*y - 2*v = -8. Suppose k + r - 498 = y, 3*r = -3*k + 5*r + 1489. Suppose 3*l = -4*l + k. What is the units digit of l?
1
Let f(r) = -45*r + 69. Let s be f(-17). Let a = s - 480. What is the units digit of a?
4
What is the hundreds digit of 25/(-250)*-40 + (-10581)/(-1) + 1?
5
Suppose 21*n + 47*n - 654634 = 321574. What is the ten thousands digit of n?
1
Let g(t) = 16*t - 16. Let f(c) = -3*c + 3. Let a(x) = -11*f(x) - 2*g(x). Let o be a(14). Suppose o*u - 54 = 12*u. What is the tens digit of u?
5
Let u = 36 - 34. What is the units digit of ((-6460)/51)/(u/(-3))?
0
Let u be ((-2)/(-6))/(21/3150). Let x(c) = -11 - u*c - 44*c - 15 + 77*c. What is the units digit of x(-7)?
3
Let n = 9913 - 3565. What is the tens digit of n?
4
Let l = -58 - -61. Suppose -l*g = 2*i - 325, -3*g = -g - 3*i - 195. What is the units digit of (8/(-6) - 0)/((-10)/g)?
4
Let k be 4 + (14/63 - 110/9). What is the units digit of 18/((3/558)/(k/(-72)))?
2
Let w be (-7)/1*(-78)/(-39). What is the thousands digit of 7/14*w + 1030?
1
Let a = -71 + 126. Suppose -u = -a + 138. What is the units digit of -3 + 3 - (0 + u)?
3
Suppose 7*p - 4*j = 2*p + 1285, 0 = 14*j - 13*j. What is the units digit of p?
7
Let m = -112 - -123. Suppose -5*g + 3*t = -33, 3*g - 5*t = 12 + m. What is the units digit of g/(-4)*71*-2?
3
Let s(w) = w**2 + 12*w - 8. Let j be s(-13). Suppose -2*d = -4*f - f - 319, -516 = -3*d - j*f. What is the units digit of d?
7
Let h(f) = -2*f**3 + 21*f**2 + 10*f + 31. Let w be h(11). Suppose 0 = -w*k - k + 28476. What is the units digit of k?
6
Suppose -42*p + 8622 = -21786. What is the hundreds digit of p?
7
Suppose 7080 = 32*r - 12*r. What is the hundreds digit of r?
3
Suppose 0 = -f - 3 + 12. Suppose -2*g - f = -0*g - y, 21 = 2*g + 5*y. What is the hundreds digit of -1 - (1/g + (-4615)/26)?
1
Suppose 4*s + 127*i - 31461 = 126*i, 0 = -5*s - 2*i + 39327. What is the units digit of s?
5
Let j(l) = l**2 - 5*l - 1 - l + 3*l. Let c(h) = h**2 + 24*h + 55. Let v be c(-22). What is the units digit of j(v)?
7
Suppose 4*n = 3*m - 33779, 2032*n + 11263 = m + 2029*n. What is the tens digit of m?
5
Suppose -y = u + 12 + 81, 5*y - 99 = u. Let z = u - -137. What is the units digit of z?
3
Suppose -k + 1084 - 21 = h, -5*k + 4248 = 4*h. What is the thousands digit of h?
1
Suppose -14*k + 91736 = -11*k + 4*z, -3*k + 4*z = -91696. What is the tens digit of k?
7
Let g(h) = 67*h + 4 - 16 - 22*h + 7. What is the units digit of g(2)?
5
Let a be 0 - -1 - (10/(-5))/1. Suppose -2*b + 473 = a*f, -208 + 675 = 2*b - 3*f. Let p = b + -106. What is the tens digit of p?
2
Suppose 0 = 2*c + c - 9. Let d be (-12)/(-20)*(42 - 37). Suppose -c*f = 12, f + 0*f + 82 = d*t. What is the tens digit of t?
2
Suppose -5*r + 11*i + 306271 = -163666, 4*i - 470057 = -5*r. What is the hundreds digit of r?
0
Let b = 193 + -189. What is the units digit of (-102)/b*(-32)/48?
7
Let t = -82 + 91. Suppose 427 + 14 = t*k. What is the units digit of k?
9
Let x be (4/(-1))/4 - 397. Let c = x - -735. What is the tens digit of c?
3
Let l = 244 - 660. What is the hundreds digit of (18 + (1 - -2))/((-24)/l)?
3
Let a be (57/2)/(6/264*-3). Let y = a + 757. What is the tens digit of y?
3
Let f = 23 - 16. Suppose -h + 3*y - f = -36, 0 = -3*h - 4*y + 113. What is the units digit of h?
5
Suppose 12*t - 14*t - 2*j = -13052, 7*j - 6532 = -t. What is the tens digit of t?
2
Let i(a) = a**2 - 7*a - 3. Let v be i(6). Let h = -10 - v. What is the units digit of h/(3/2)*(-82 - 2)?
6
Suppose -205*s = v - 207*s - 13662, 3*v + 2*s = 40954. What is the thousands digit of v?
3
Let l(i) = -389*i + 5. Let v(t) = 195*t - 2. Let z(j) = -6*l(j) - 14*v(j). What is the hundreds digit of z(-1)?
3
Let p be (12/11)/(75/550). Let z(u) = 10*u - 5. Let h be z(5). Let f = h - p. What is the tens digit of f?
3
Suppose 3*l - 12*d + 10*d - 8 = 0, 24 = 4*l + 4*d. Suppose -5*a + s = 4*s - 6562, -2*s + 5250 = l*a. What is the thousands digit of a?
1
Let f(n) = 2*n**2 + n + 106. Let k(o) = -3*o**2 - o - 211. Let y = 32 - 37. Let w(d) = y*f(d) - 3*k(d). What is the units digit of w(0)?
3
Let v(x) = x. Let k(f) = -1. Let h(l) = 2*k(l) + v(l). Let r be h(4). Suppose -r*n + 112 = 4*q, 2*n + 4*q = n + 54. What is the tens digit of n?
5
Let z(w) = -w**3 - 13*w**2 - 24*w - 18. Let i = -37 + 26. What is the units digit of z(i)?
4
Let k = -77 + 117. Let w(a) = 523*a**2 - 3*a + 2. Let d be w(2). What is the tens digit of d/k - 2/10?
5
Suppose -13*f + 4825 = -7993. What is the hundreds digit of 116/f - (-21945)/17?
2
Let j = -230 + 112. Suppose 3*m + 22*b = 18*b + 113, 8*b - 85 = -3*m. Let s = m - j. What is the hundreds digit of s?
1
What is the hundreds digit of ((-8)/(-3))/((-16)/(-1008))?
1
Let g = 10391 + -6145. What is the thousands digit of g?
4
Let t = -932 - -1374. Let b be 2 + (3 - 3) + 2. Suppose -131 = -2*n + 2*a + 167, 0 = 3*n - b*a - t. What is the hundreds digit of n?
1
Suppose 2*f - l = -5*l + 80086, 0 = -f - 15*l + 40017. What is the ten thousands digit of f?
4
Suppose -b + 5398 = -3*t, -3*b + 10*t - 7*t + 16188 = 0. What is the tens digit of b?
9
Let w(r) = 2*r - 2. Let b(n) = -n**2 + 12*n + 157. Let f(t) = -b(t) - 5*w(t). What is the tens digit of f(-23)?
8
Let k(q) = q**3 + 10*q**2 + 24*q + 21. Let o be k(-7). Suppose u = -3*n + 75, u = -5*n - o*n + 83. What is the tens digit of u?
6
Let u = -343 - -564. Let b = 443 - u. Suppose x - b = -2*z - x, -x = 4*z - 429. What is the tens digit of z?
0
Suppose 0 = 16*u - 17*u + 2836. What is the tens digit of u?
3
Suppose 21*f - 114055 = 227384. What is the ten thousands digit of f?
1
Let n = 2709 - -2487. What is the tens digit of n?
9
Suppose -429*g + 426*g = 9. Let v(u) = 94*u**2 + 2*u + 4. What is the hundreds digit of v(g)?
8
What is the ten thousands digit of 3/(-18) + (-32)/(-144) + 778750/36?
2
Let x(b) = b**3 + 6*b**2 + 5*b + 12. Let o be x(-5). Suppose -2*d - 6 = -o. Suppose -153 = -d*w + 45. What is the units digit of w?
6
Let b = 155 - -20. Suppose -2*w + b = -37. What is the tens digit of w?
0
Suppose -628*q - 7904 = -636*q. What is the hundreds digit of q?
9
Suppose -s - 19 = -18. Let n(o) = -795*o**3 + o**2 + o - 1. What is the hundreds digit of n(s)?
7
What is the tens digit of ((-7862 - 7) + 5)*2/(-8)?
6
Suppose 2*t - 135 = -3*m, 185 = -0*m + 4*m + t. Let f = -44 + m. What is the tens digit of (3 + (-6)/f)*97?
9
Suppose -12*n = 12*n - 180768. Suppose 0 = 2038*f - 2034*f - n. What is the units digit of f?
3
Let b = 16399 - 14650. What is the thousands digit of b?
1
Suppose -207 = -9*g + 63. Suppose -5*w - g = w. What is the hundreds digit of (-3)/5 + 2 + (-583)/w?
1
Suppose 0 = -173*t + 171*t - 14. Let q(j) = -17*j + 47. What is the tens digit of q(t)?
6
What is the hundreds digit of (1 - -5838)/((37/481)/(3/39))?
8
Let d be (-253)/(-23) + 6/(-2). What is the hundreds digit of 16/(-8)*(-1116)/d?
2
Suppose 143*c = 85*c + 196794. What is the thousands digit of c?
3
Let r(w) = -3*w. Let b(a) = a**2 - a + 1. Let m(p) = b(p) - r(p). Let x be m